(64)?
43
Let g(z) = 4*z**2 - 361*z + 7130. Give g(28).
158
Let v(t) = -2*t**3 - 443*t**2 - 11490*t - 20. What is v(-30)?
-20
Let t(u) = -4*u**3 - 183*u**2 - 147*u - 176. Calculate t(-45).
364
Let r(h) = 81332*h - 406660. Give r(5).
0
Let l(s) = 9*s**2 - 369*s - 14926. Calculate l(66).
-76
Let a(z) = 3159*z + 6339. Calculate a(-2).
21
Let q(b) = -12*b**3 - 167*b**2 - 455*b + 34. Determine q(-3).
220
Let g(w) = -84*w + 1343. Determine g(13).
251
Let j(v) = v**3 + 147*v**2 - 365*v - 9992. Determine j(-149).
-9
Let m(d) = -d**2 + 153*d - 5115. What is m(49)?
-19
Let n(b) = 89*b**2 - 19794*b - 72311. What is n(226)?
9
Let y(x) = 75*x**3 - x**2 - 6*x - 3. Calculate y(-1).
-73
Let n(c) = -c**3 + 391*c**2 + 1619*c - 480988. Determine n(392).
-4
Let c(f) = 2*f**2 + 1128*f + 11182. What is c(-10)?
102
Let i(j) = 2*j**3 + 3*j**2 + 3786*j - 7600. Calculate i(2).
0
Let z(o) = -99*o**3 + 795*o**2 + 32*o - 143. Give z(8).
305
Let u(w) = -22*w**3 + 26*w**2 + 75*w + 34. What is u(-1)?
7
Let j(c) = c**2 + 1378*c + 8295. Determine j(-6).
63
Let h(m) = 4959*m**2 - 44630*m + 1. What is h(9)?
10
Let z(v) = -58*v**2 + 927*v - 211. Calculate z(17).
-1214
Let u(y) = -4*y**2 + 394*y + 170499. Determine u(-163).
1
Let o(b) = -2570*b - 151625. Calculate o(-59).
5
Let j(z) = -z**3 + 54*z**2 + 4044*z - 221032. Determine j(60).
8
Let w(l) = -6*l**2 + 3865*l + 523020. Give w(759).
69
Let k(n) = -2*n**3 + 2*n**2 + 3428*n - 3431. Determine k(1).
-3
Let b(s) = s**3 + 122*s**2 - 821*s - 55610. Give b(-125).
140
Let n(v) = v**3 - 230*v**2 - 10080*v - 27882. Give n(268).
-10
Let w(a) = 8*a**3 - 75*a**2 - 142*a + 18. Determine w(-2).
-62
Let i(m) = -58*m + 4848. Determine i(84).
-24
Let u(t) = -14*t**2 + 544*t - 2763. What is u(6)?
-3
Let g(p) = 5143*p - 1105747. Give g(215).
-2
Let f(i) = -11*i**3 + 1202*i**2 - 398*i + 7733. Give f(109).
-6
Let h(f) = -66*f + 6159. Determine h(81).
813
Let r(j) = -119*j - 4695. Calculate r(-43).
422
Let n(j) = -45*j**2 + 780*j + 6321. Determine n(-6).
21
Let d(k) = k**3 - 37*k**2 - 34*k + 180. What is d(38)?
332
Let u(r) = -934*r + 6501. Determine u(7).
-37
Let v(c) = -164*c - 12. Give v(0).
-12
Let f(q) = -46*q + 1259. Determine f(28).
-29
Let d(g) = 34*g**2 + 33*g - 8. What is d(-8)?
1904
Let f(x) = -2*x**2 - 771*x - 31542. Calculate f(-339).
-15
Let w(r) = -52*r**3 + 307*r**2 - 29*r + 57. Calculate w(5).
1087
Let q(h) = -4692*h + 1290318. Determine q(275).
18
Let c(d) = -14370*d + 905331. Calculate c(63).
21
Let k(o) = -2062*o**3 + 26804*o**2 + 28*o - 18. Determine k(13).
8
Let g(w) = 111*w**3 - 1330*w**2 - 158*w + 1630. What is g(12)?
22
Let b(q) = -3*q**3 + 80*q**2 - 250*q + 5356. Give b(26).
208
Let y(t) = -10*t**3 - 20*t**2 + 100*t - 222. Give y(3).
-372
Let m(g) = -g**3 + 4*g**2 - 3560*g + 21434. What is m(6)?
2
Let a(b) = -b**3 + 204*b**2 - 387*b - 3399. Calculate a(202).
35
Let a(k) = -10*k**2 + 294*k - 2234. Determine a(10).
-294
Let s(y) = -y**2 - 6961*y + 294110. Determine s(42).
-16
Let b(w) = 82*w**2 - 524*w + 361. Determine b(6).
169
Let x(d) = -2934*d - 5892. What is x(-2)?
-24
Let x(m) = 13564*m + 542567. Give x(-40).
7
Let w(m) = 5*m**3 - 1483*m**2 + 863*m + 7253. Determine w(296).
-147
Let v(r) = -6*r**3 - 302*r**2 - 98*r + 92. What is v(-50)?
-8
Let f(n) = 11730*n - 3612844. Give f(308).
-4
Let p(m) = 114*m + 22184. Calculate p(-197).
-274
Let p(q) = -4760*q**2 - 4766*q - 7. What is p(-1)?
-1
Let i(d) = 4980*d + 4941. Determine i(-1).
-39
Let j(n) = -264*n - 7463. What is j(-40)?
3097
Let d(q) = -312*q + 17049. Determine d(54).
201
Let x(p) = -25153*p - 578485. Give x(-23).
34
Let w(o) = -2*o**3 - 13*o**2 + 127*o - 20. Calculate w(9).
-1388
Let b(v) = -v**3 + 8350*v**2 + 125479*v + 67. Give b(-15).
7
Let m(w) = -3*w**3 - 5*w**2 + 17423*w + 52294. Calculate m(-3).
61
Let h(m) = -875*m - 1749. Calculate h(-2).
1
Let c(s) = -19*s**2 + 821*s - 281. Calculate c(43).
-109
Let l(o) = 41121*o - 657915. Give l(16).
21
Let j(p) = 2*p**2 + 32*p - 27. What is j(-18)?
45
Let k(t) = -126*t**2 + 42970*t - 1366. What is k(341)?
-2
Let j(k) = -662*k + 147009. Give j(222).
45
Let i(j) = 13*j**3 + 9643*j**2 - 2092*j + 99436. Determine i(-742).
8
Let y(d) = 11316*d - 55390. Calculate y(5).
1190
Let s(a) = -834*a + 3401. Determine s(5).
-769
Let w(c) = -54*c + 295. Give w(26).
-1109
Let l(y) = 1540*y + 308037. Determine l(-200).
37
Let y(j) = -4*j**2 + 32*j + 1238. Determine y(-16).
-298
Let g(b) = -b**3 - 35*b**2 - 322*b - 13502. Calculate g(-36).
-614
Let m(z) = z**3 + 6*z**2 - 409*z - 2217. Calculate m(20).
3
Let h(o) = 2*o**2 - 10*o - 215. Calculate h(-11).
137
Let w(y) = 5362*y - 525488. Determine w(98).
-12
Let o(i) = -14*i**2 - 929*i - 574. Give o(-69).
-3127
Let d(n) = -3*n**2 + 29*n + 10. What is d(-15)?
-1100
Let n(t) = 317*t**2 - 61511*t + 2523. Determine n(194).
1
Let o(y) = -1789*y - 147060. Determine o(-82).
-362
Let h(v) = -1197*v - 421. Give h(-2).
1973
Let d(m) = 195464*m + 1172819. Calculate d(-6).
35
Let u(p) = -122*p**2 + 333*p - 16. Give u(4).
-636
Let u(v) = 2*v**2 + 22*v - 2367. Determine u(-41).
93
Let m(o) = -2*o**3 - 19*o**2 - 48*o - 43. What is m(-9)?
308
Let p(q) = 1717*q**3 + 12021*q**2 - 16*q - 207. Give p(-7).
3
Let m(u) = 3*u**3 + 401*u**2 - 534*u + 654. Calculate m(-135).
-156
Let g(a) = -22*a**2 + 8741*a + 151951. Determine g(414).
13
Let y(i) = 2*i**2 + 1278*i - 7647. Calculate y(6).
93
Let v(w) = 152*w**2 - 8*w + 18. Give v(2).
610
Let b(j) = 1030*j + 5050. What is b(-5)?
-100
Let r(d) = 31580*d - 1294724. Determine r(41).
56
Let r(x) = -7*x**2 + 2023*x + 20936. Calculate r(299).
6
Let z(v) = 13*v**3 - 624*v**2 + 148*v - 7110. Determine z(48).
-6
Let l(k) = 10*k**3 - 620*k**2 + 3*k - 119. Calculate l(62).
67
Let j(w) = -7182*w - 78980. Determine j(-11).
22
Let u(t) = 7*t**3 - 91*t**2 + 265*t - 49. Give u(9).
68
Let t(g) = g**3 - 41*g**2 + 330*g + 977. Determine t(28).
25
Let m(f) = 9467*f - 141772. Give m(15).
233
Let b(w) = -w**2 - 90*w + 17467. Give b(95).
-108
Let j(m) = 12*m**2 - 70*m + 188. Determine j(17).
2466
Let d(p) = -2*p**3 + 180*p**2 - 4*p + 223. Determine d(90).
-137
Let i(b) = 176*b + 146. Determine i(-1).
-30
Let i(h) = -17786*h - 71128. Give i(-4).
16
Let z(v) = v**2 + 1308*v + 71460. Calculate z(-57).
153
Let w(y) = y**3 - 188*y**2 - 400*y + 3746. Calculate w(190).
-54
Let x(b) = -4236*b + 1796035. Calculate x(424).
-29
Let v(i) = 274*i - 1922. Calculate v(13).
1640
Let n(w) = -6366*w - 4692. Determine n(-1).
1674
Let m(z) = -69*z**2 + 1299*z + 6. What is m(19)?
-222
Let d(u) = -1200*u - 140394. Give d(-117).
6
Let m(a) = -3*a**3 - 263*a**2 + 6200*a - 715. Give m(-107).
-73
Let s(u) = 6*u**3 + 2*u**2 - 322*u - 1642. Determine s(-5).
-732
Let f(y) = -1267*y - 23644. Determine f(-19).
429
Let u(t) = t**3 - 107*t**2 - 907*t - 1135. Determine u(115).
360
Let j(s) = 81*s**2 + 1160*s - 854. Determine j(-15).
-29
Let c(t) = 27*t**3 + 233*t**2 - 71*t + 168. Calculate c(-9).
-3
Let y(u) = 1045*u**3 - 12*u**2 + 28*u - 16. What is y(1)?
1045
Let k(w) = 470*w + 1683. Give k(-9).
-2547
Let t(k) = 2*k**2 - 647*k + 30198. What is t(267)?
27
Let g(m) = -m**2 + 5695*m + 131524. Calculate g(-23).
10
Let h(d) = -710*d - 122113. Calculate h(-172).
7
Let j(l) = 813*l**2 + 1246334*l + 7667. Determine j(-1533).
2
Let p(v) = 7524*v - 30098. Determine p(4).
-2
Let w(t) = -30*t**3 + 16*t**2 + t + 17. Calculate w(3).
-646
Let b(v) = v**3 - 15*v**2 - 792*v + 11261. Calculate b(14).
-23
Let h(j) = -22496*j - 404934. Determine h(-18).
-6
Let y(u) = -33*u**2 - 45721*u - 67813. Calculate y(-1384).
3
Let z(r) = -52784*r + 950232. Give z(18).
120
Let f(o) = -2234*o - 70389. What is f(-34)?
5567
Let x(s) = -5*s**2 - 3773*s + 15086. Determine x(4).
-86
Let s(k) = -4*k**3 + 770*k**2 - 4840*k + 546. Give s(186).
-198
Let r(j) = 3607*j + 57883. Calculate r(-16).
171
Let p(s) = 1600*s + 593599. What is p(-371)?
-1
Let b(n) = 75*n**2 - 4720*n - 337. Calculate b(63).
-22
Let w(n) = -22*n**2 - 1645*n - 24685. What is w(-54)?
-7
Let z(d) = -10*d**2 - 2546*d - 18968. Determine z(-247).
-196
Let x(f) = -f**3 - 141*f**2 + 840*f + 37694. Give x(-145).
-6
Let o(m) = -5*m**2 - 1780*m - 25575. Determine o(-341).
0
Let y(n) = n**2 + 2452*n - 371079. What is y(143)?
6
Let u(t) = t**2 - 3481*t - 119835. Give u(-34).
-325
Let q(u) = -2*u**2 - 